{"id":1550,"date":"2017-11-07T20:53:34","date_gmt":"2017-11-07T18:53:34","guid":{"rendered":"http:\/\/www2.aq.upm.es\/Departamentos\/Urbanismo\/blogs\/paec-sp\/?page_id=1550"},"modified":"2020-02-06T10:08:52","modified_gmt":"2020-02-06T09:08:52","slug":"2017-2020-divercrop","status":"publish","type":"page","link":"https:\/\/vps181.cesvima.upm.es\/urb-sis-agra\/paec-sp\/2017-2020-divercrop\/","title":{"rendered":"2017-2020 DIVERCROP"},"content":{"rendered":"<h2>Proyecto : Land system dynamics in the Mediterranean basin across scales as relevant indicator for species diversity and local food systems (DIVERCROP)<\/h2>\n<p><img data-recalc-dims=\"1\" loading=\"lazy\" decoding=\"async\" class=\"aligncenter wp-image-1719 size-large\" src=\"https:\/\/i0.wp.com\/vps181.cesvima.upm.es\/urb-sis-agra\/wp-content\/uploads\/sites\/8\/2020\/02\/Fig04b_Paisaje.png?resize=640%2C354&#038;ssl=1\" alt=\"\" width=\"640\" height=\"354\" srcset=\"https:\/\/i0.wp.com\/vps181.cesvima.upm.es\/urb-sis-agra\/wp-content\/uploads\/sites\/8\/2020\/02\/Fig04b_Paisaje.png?resize=1024%2C566&amp;ssl=1 1024w, https:\/\/i0.wp.com\/vps181.cesvima.upm.es\/urb-sis-agra\/wp-content\/uploads\/sites\/8\/2020\/02\/Fig04b_Paisaje.png?resize=300%2C165&amp;ssl=1 300w, https:\/\/i0.wp.com\/vps181.cesvima.upm.es\/urb-sis-agra\/wp-content\/uploads\/sites\/8\/2020\/02\/Fig04b_Paisaje.png?resize=768%2C424&amp;ssl=1 768w, https:\/\/i0.wp.com\/vps181.cesvima.upm.es\/urb-sis-agra\/wp-content\/uploads\/sites\/8\/2020\/02\/Fig04b_Paisaje.png?resize=1536%2C849&amp;ssl=1 1536w, https:\/\/i0.wp.com\/vps181.cesvima.upm.es\/urb-sis-agra\/wp-content\/uploads\/sites\/8\/2020\/02\/Fig04b_Paisaje.png?resize=2048%2C1132&amp;ssl=1 2048w, https:\/\/i0.wp.com\/vps181.cesvima.upm.es\/urb-sis-agra\/wp-content\/uploads\/sites\/8\/2020\/02\/Fig04b_Paisaje.png?w=978&amp;ssl=1 978w\" sizes=\"auto, (max-width: 640px) 100vw, 640px\" \/><\/p>\n<h2>Datos b\u00e1sicos<\/h2>\n<p>Coordinador\u00a0 Proyecto: Claude Napol\u00e9one (INRA, Francia)<\/p>\n<p>Investigador Principal en Espa\u00f1a: Jos\u00e9 Fari\u00f1a (GIAU+S, UPM)<\/p>\n<p>Equipo de investigaci\u00f3n y de trabajo: Olga Moreno (UPV)\u00a0y Marian Sim\u00f3n (GIAU+S, UPM)<\/p>\n<p>Proyecto europeo con socios en Argelia, Espa\u00f1a, Francia, Italia, Malta, Portugal y T\u00fanez. En Espa\u00f1a el caso de estudio se centra en la Comunidad de Madrid.<\/p>\n<p>Uno de los ejes centrales del proyecto es investigar si determinados sistemas territoriales favorecen o son m\u00e1s propicios para orientar su producci\u00f3n hacia sistemas alimentarios locales y entender cu\u00e1les son las din\u00e1micas que m\u00e1s est\u00e1n afectando los sistemas agrarios en cada regi\u00f3n.<\/p>\n<h2>Publicaciones<\/h2>\n<p>Publicaciones con los resultados del caso de estudio en la Comarca de Las Vegas:<\/p>\n<p>Sim\u00f3n-Rojo, M.; Couceiro-Arroyo, A. y Fari\u00f1a-Tojo, J. (2019)<a href=\"http:\/\/revistas.ubiobio.cl\/index.php\/RU\/article\/view\/3580\"> La relocalizaci\u00f3n alimentaria d\u00e9bil: desconexi\u00f3n entre agentes del territorio y planificaci\u00f3n espacial <\/a>\/ Weak food relocation: Disconnection between territorial agents and spatial planning. <i>Urbano<\/i>, <i>22<\/i>(39), 106-123. https:\/\/doi.org\/10.22320\/07183607.2019.22.39.06<\/p>\n","protected":false},"excerpt":{"rendered":"<p>Proyecto : Land system dynamics in the Mediterranean basin across scales as relevant indicator for species diversity and local food systems (DIVERCROP) Datos b\u00e1sicos Coordinador\u00a0 Proyecto: Claude Napol\u00e9one (INRA, Francia) Investigador Principal en Espa\u00f1a: Jos\u00e9 Fari\u00f1a (GIAU+S, UPM) Equipo de investigaci\u00f3n y de trabajo: Olga Moreno (UPV)\u00a0y Marian Sim\u00f3n (GIAU+S, UPM) Proyecto europeo con socios [&hellip;]<\/p>\n","protected":false},"author":24,"featured_media":0,"parent":1629,"menu_order":1,"comment_status":"closed","ping_status":"closed","template":"","meta":{"_genesis_hide_title":false,"_genesis_hide_breadcrumbs":false,"_genesis_hide_singular_image":false,"_genesis_hide_footer_widgets":false,"_genesis_custom_body_class":"","_genesis_custom_post_class":"","_genesis_layout":"","jetpack_post_was_ever_published":false,"footnotes":""},"coauthors":[253],"class_list":{"0":"post-1550","1":"page","2":"type-page","3":"status-publish","5":"entry"},"aioseo_notices":[],"featured_image_src":null,"featured_image_src_square":null,"jetpack_sharing_enabled":true,"_links":{"self":[{"href":"https:\/\/vps181.cesvima.upm.es\/urb-sis-agra\/wp-json\/wp\/v2\/pages\/1550","targetHints":{"allow":["GET"]}}],"collection":[{"href":"https:\/\/vps181.cesvima.upm.es\/urb-sis-agra\/wp-json\/wp\/v2\/pages"}],"about":[{"href":"https:\/\/vps181.cesvima.upm.es\/urb-sis-agra\/wp-json\/wp\/v2\/types\/page"}],"author":[{"embeddable":true,"href":"https:\/\/vps181.cesvima.upm.es\/urb-sis-agra\/wp-json\/wp\/v2\/users\/24"}],"replies":[{"embeddable":true,"href":"https:\/\/vps181.cesvima.upm.es\/urb-sis-agra\/wp-json\/wp\/v2\/comments?post=1550"}],"version-history":[{"count":2,"href":"https:\/\/vps181.cesvima.upm.es\/urb-sis-agra\/wp-json\/wp\/v2\/pages\/1550\/revisions"}],"predecessor-version":[{"id":1721,"href":"https:\/\/vps181.cesvima.upm.es\/urb-sis-agra\/wp-json\/wp\/v2\/pages\/1550\/revisions\/1721"}],"up":[{"embeddable":true,"href":"https:\/\/vps181.cesvima.upm.es\/urb-sis-agra\/wp-json\/wp\/v2\/pages\/1629"}],"wp:attachment":[{"href":"https:\/\/vps181.cesvima.upm.es\/urb-sis-agra\/wp-json\/wp\/v2\/media?parent=1550"}],"wp:term":[{"taxonomy":"author","embeddable":true,"href":"https:\/\/vps181.cesvima.upm.es\/urb-sis-agra\/wp-json\/wp\/v2\/coauthors?post=1550"}],"curies":[{"name":"wp","href":"https:\/\/api.w.org\/{rel}","templated":true}]}}

<h2>Proyecto : Land system dynamics in the Mediterranean basin across scales as relevant indicator for species diversity and local food systems (DIVERCROP)</h2>
<p><img data-recalc-dims="1" loading="lazy" decoding="async" class="aligncenter wp-image-1719 size-large" src="https://i0.wp.com/vps181.cesvima.upm.es/urb-sis-agra/wp-content/uploads/sites/8/2020/02/Fig04b_Paisaje.png?resize=640%2C354&#038;ssl=1" alt="" width="640" height="354" srcset="https://i0.wp.com/vps181.cesvima.upm.es/urb-sis-agra/wp-content/uploads/sites/8/2020/02/Fig04b_Paisaje.png?resize=1024%2C566&amp;ssl=1 1024w, https://i0.wp.com/vps181.cesvima.upm.es/urb-sis-agra/wp-content/uploads/sites/8/2020/02/Fig04b_Paisaje.png?resize=300%2C165&amp;ssl=1 300w, https://i0.wp.com/vps181.cesvima.upm.es/urb-sis-agra/wp-content/uploads/sites/8/2020/02/Fig04b_Paisaje.png?resize=768%2C424&amp;ssl=1 768w, https://i0.wp.com/vps181.cesvima.upm.es/urb-sis-agra/wp-content/uploads/sites/8/2020/02/Fig04b_Paisaje.png?resize=1536%2C849&amp;ssl=1 1536w, https://i0.wp.com/vps181.cesvima.upm.es/urb-sis-agra/wp-content/uploads/sites/8/2020/02/Fig04b_Paisaje.png?resize=2048%2C1132&amp;ssl=1 2048w, https://i0.wp.com/vps181.cesvima.upm.es/urb-sis-agra/wp-content/uploads/sites/8/2020/02/Fig04b_Paisaje.png?w=978&amp;ssl=1 978w" sizes="auto, (max-width: 640px) 100vw, 640px" /></p>
<h2>Datos básicos</h2>
<p>Coordinador  Proyecto: Claude Napoléone (INRA, Francia)</p>
<p>Investigador Principal en España: José Fariña (GIAU+S, UPM)</p>
<p>Equipo de investigación y de trabajo: Olga Moreno (UPV) y Marian Simón (GIAU+S, UPM)</p>
<p>Proyecto europeo con socios en Argelia, España, Francia, Italia, Malta, Portugal y Túnez. En España el caso de estudio se centra en la Comunidad de Madrid.</p>
<p>Uno de los ejes centrales del proyecto es investigar si determinados sistemas territoriales favorecen o son más propicios para orientar su producción hacia sistemas alimentarios locales y entender cuáles son las dinámicas que más están afectando los sistemas agrarios en cada región.</p>
<h2>Publicaciones</h2>
<p>Publicaciones con los resultados del caso de estudio en la Comarca de Las Vegas:</p>
<p>Simón-Rojo, M.; Couceiro-Arroyo, A. y Fariña-Tojo, J. (2019)<a href="http://revistas.ubiobio.cl/index.php/RU/article/view/3580"> La relocalización alimentaria débil: desconexión entre agentes del territorio y planificación espacial </a>/ Weak food relocation: Disconnection between territorial agents and spatial planning. <i>Urbano</i>, <i>22</i>(39), 106-123. https://doi.org/10.22320/07183607.2019.22.39.06</p>

<p>Proyecto : Land system dynamics in the Mediterranean basin across scales as relevant indicator for species diversity and local food systems (DIVERCROP) Datos básicos Coordinador  Proyecto: Claude Napoléone (INRA, Francia) Investigador Principal en España: José Fariña (GIAU+S, UPM) Equipo de investigación y de trabajo: Olga Moreno (UPV) y Marian Simón (GIAU+S, UPM) Proyecto europeo con socios [&hellip;]</p>
