{"id":316,"date":"2012-08-21T09:04:10","date_gmt":"2012-08-21T09:04:10","guid":{"rendered":"http:\/\/www2.aq.upm.es\/Departamentos\/Urbanismo\/blogs\/paec-sp\/?page_id=316"},"modified":"2020-06-09T16:32:04","modified_gmt":"2020-06-09T14:32:04","slug":"contacto","status":"publish","type":"page","link":"https:\/\/vps181.cesvima.upm.es\/urb-sis-agra\/contacto\/","title":{"rendered":"Contacto"},"content":{"rendered":"<p><!--:es--><\/p>\n<p><span style=\"font-family: arial,helvetica,sans-serif;\">DEPARTAMENTO DE URBAN\u00cdSTICA Y ORDENACI\u00d3N DEL TERRITORIO ESCUELA T\u00c9CNICA SUPERIOR DE ARQUITECTURA DE MADRID Universidad Polit\u00e9cnica de Madrid Avenida Juan de Herrera, 4 \u2013 28040 Madrid periurbano@ee.upm.es<\/span><\/p>\n<p><!--:--><!--:en--><\/p>\n<p><!--:--><\/p>\n","protected":false},"excerpt":{"rendered":"<p>DEPARTAMENTO DE URBAN\u00cdSTICA Y ORDENACI\u00d3N DEL TERRITORIO ESCUELA T\u00c9CNICA SUPERIOR DE ARQUITECTURA DE MADRID Universidad Polit\u00e9cnica de Madrid Avenida Juan de Herrera, 4 \u2013 28040 Madrid periurbano@ee.upm.es<\/p>\n","protected":false},"author":24,"featured_media":0,"parent":0,"menu_order":0,"comment_status":"open","ping_status":"open","template":"","meta":{"_genesis_hide_title":false,"_genesis_hide_breadcrumbs":false,"_genesis_hide_singular_image":false,"_genesis_hide_footer_widgets":false,"_genesis_custom_body_class":"","_genesis_custom_post_class":"","_genesis_layout":"","jetpack_post_was_ever_published":false,"footnotes":""},"coauthors":[253],"class_list":{"0":"post-316","1":"page","2":"type-page","3":"status-publish","5":"entry"},"aioseo_notices":[],"featured_image_src":null,"featured_image_src_square":null,"jetpack_sharing_enabled":true,"_links":{"self":[{"href":"https:\/\/vps181.cesvima.upm.es\/urb-sis-agra\/wp-json\/wp\/v2\/pages\/316","targetHints":{"allow":["GET"]}}],"collection":[{"href":"https:\/\/vps181.cesvima.upm.es\/urb-sis-agra\/wp-json\/wp\/v2\/pages"}],"about":[{"href":"https:\/\/vps181.cesvima.upm.es\/urb-sis-agra\/wp-json\/wp\/v2\/types\/page"}],"author":[{"embeddable":true,"href":"https:\/\/vps181.cesvima.upm.es\/urb-sis-agra\/wp-json\/wp\/v2\/users\/24"}],"replies":[{"embeddable":true,"href":"https:\/\/vps181.cesvima.upm.es\/urb-sis-agra\/wp-json\/wp\/v2\/comments?post=316"}],"version-history":[{"count":1,"href":"https:\/\/vps181.cesvima.upm.es\/urb-sis-agra\/wp-json\/wp\/v2\/pages\/316\/revisions"}],"predecessor-version":[{"id":1842,"href":"https:\/\/vps181.cesvima.upm.es\/urb-sis-agra\/wp-json\/wp\/v2\/pages\/316\/revisions\/1842"}],"wp:attachment":[{"href":"https:\/\/vps181.cesvima.upm.es\/urb-sis-agra\/wp-json\/wp\/v2\/media?parent=316"}],"wp:term":[{"taxonomy":"author","embeddable":true,"href":"https:\/\/vps181.cesvima.upm.es\/urb-sis-agra\/wp-json\/wp\/v2\/coauthors?post=316"}],"curies":[{"name":"wp","href":"https:\/\/api.w.org\/{rel}","templated":true}]}}