{"id":1964,"date":"2019-10-27T19:58:53","date_gmt":"2019-10-27T18:58:53","guid":{"rendered":"https:\/\/vps181.cesvima.upm.es\/usv2019\/?page_id=1964"},"modified":"2019-12-19T12:23:36","modified_gmt":"2019-12-19T11:23:36","slug":"imagenes-de-la-usv","status":"publish","type":"page","link":"https:\/\/vps181.cesvima.upm.es\/usv2019\/imagenes-de-la-usv\/","title":{"rendered":"Im\u00e1genes de la USV"},"content":{"rendered":"\n<p>La Universidad Social de Vallecas, celebrada entre el 28 y el 31 de octubre de 2019 gracias a la colaboraci\u00f3n de la Junta Municipal de Distrito de Puente de Vallecas y la Universidad Polit\u00e9cnica de Madrid, congreg\u00f3 a cerca de 300 personas en sus <a href=\"https:\/\/vps181.cesvima.upm.es\/usv2019\/cursos-usv\/\">cursos<\/a>, <a href=\"https:\/\/vps181.cesvima.upm.es\/usv2019\/experiencias-conferencias\/\">experiencias y conferencias<\/a>.<\/p>\n\n\n\n<p>En la iniciativa participaron personas del mundo acad\u00e9mico, la administraci\u00f3n p\u00fablica, el sector privado y las organizaciones sociales,  que expusieron sus enfoques y debatieron sobre distintas tem\u00e1ticas relacionadas con la ciudad. El p\u00fablico asistente, formado tanto por estudiantes universitarios y personas que desarrollan trabajos profesionales o sociales relacionados con el urbanismo, como por ciudadanos y ciudadanas sin formaci\u00f3n previa en la materia, recibi\u00f3 de forma gratuita una formaci\u00f3n  de primer nivel durante cuatro d\u00edas, en los que el Campus Sur de la Universidad Polit\u00e9cnica de Madrid en Vallecas acogi\u00f3 una intensa actividad acad\u00e9mica y social.<\/p>\n\n\n\n<p>En los siguientes enlaces puedes ver algunas fotograf\u00edas de las actividades desarrolladas durante la semana:<\/p>\n\n\n\n<ul class=\"wp-block-list\"><li><a href=\"https:\/\/vps181.cesvima.upm.es\/usv2019\/lunes-28-de-octubre\/\">Im\u00e1genes del lunes 28 de octubre<\/a><\/li><li><a href=\"https:\/\/vps181.cesvima.upm.es\/usv2019\/martes-29-de-octubre\/\">Im\u00e1genes del martes 29 de octubre <\/a><\/li><li><a href=\"https:\/\/vps181.cesvima.upm.es\/usv2019\/miercoles-30-de-octubre\/\">Im\u00e1genes del mi\u00e9rcoles 30 de octubre <\/a><\/li><li><a href=\"https:\/\/vps181.cesvima.upm.es\/usv2019\/jueves-31-de-octubre\/\">Im\u00e1genes del jueves 31 de octubre <\/a><\/li><\/ul>\n","protected":false},"excerpt":{"rendered":"<p>La Universidad Social de Vallecas, celebrada entre el 28 y el 31 de octubre de 2019 gracias a la colaboraci\u00f3n de la Junta Municipal de Distrito de Puente de Vallecas y la Universidad Polit\u00e9cnica de Madrid, congreg\u00f3 a cerca de 300 personas en sus cursos, experiencias y conferencias. En la iniciativa participaron personas del mundo [&hellip;]<\/p>\n","protected":false},"author":7,"featured_media":0,"parent":0,"menu_order":0,"comment_status":"closed","ping_status":"closed","template":"","meta":{"_genesis_hide_title":false,"_genesis_hide_breadcrumbs":false,"_genesis_hide_singular_image":false,"_genesis_hide_footer_widgets":false,"_genesis_custom_body_class":"","_genesis_custom_post_class":"","_genesis_layout":"","footnotes":""},"coauthors":[39],"class_list":{"0":"post-1964","1":"page","2":"type-page","3":"status-publish","5":"entry"},"aioseo_notices":[],"featured_image_src":null,"featured_image_src_square":null,"jetpack_sharing_enabled":true,"jetpack_likes_enabled":true,"jetpack_shortlink":"https:\/\/wp.me\/Pbh5zy-vG","_links":{"self":[{"href":"https:\/\/vps181.cesvima.upm.es\/usv2019\/wp-json\/wp\/v2\/pages\/1964","targetHints":{"allow":["GET"]}}],"collection":[{"href":"https:\/\/vps181.cesvima.upm.es\/usv2019\/wp-json\/wp\/v2\/pages"}],"about":[{"href":"https:\/\/vps181.cesvima.upm.es\/usv2019\/wp-json\/wp\/v2\/types\/page"}],"author":[{"embeddable":true,"href":"https:\/\/vps181.cesvima.upm.es\/usv2019\/wp-json\/wp\/v2\/users\/7"}],"replies":[{"embeddable":true,"href":"https:\/\/vps181.cesvima.upm.es\/usv2019\/wp-json\/wp\/v2\/comments?post=1964"}],"version-history":[{"count":2,"href":"https:\/\/vps181.cesvima.upm.es\/usv2019\/wp-json\/wp\/v2\/pages\/1964\/revisions"}],"predecessor-version":[{"id":1999,"href":"https:\/\/vps181.cesvima.upm.es\/usv2019\/wp-json\/wp\/v2\/pages\/1964\/revisions\/1999"}],"wp:attachment":[{"href":"https:\/\/vps181.cesvima.upm.es\/usv2019\/wp-json\/wp\/v2\/media?parent=1964"}],"wp:term":[{"taxonomy":"author","embeddable":true,"href":"https:\/\/vps181.cesvima.upm.es\/usv2019\/wp-json\/wp\/v2\/coauthors?post=1964"}],"curies":[{"name":"wp","href":"https:\/\/api.w.org\/{rel}","templated":true}]}}

Imágenes de la USV

<p>La Universidad Social de Vallecas, celebrada entre el 28 y el 31 de octubre de 2019 gracias a la colaboración de la Junta Municipal de Distrito de Puente de Vallecas y la Universidad Politécnica de Madrid, congregó a cerca de 300 personas en sus <a href="https://vps181.cesvima.upm.es/usv2019/cursos-usv/">cursos</a>, <a href="https://vps181.cesvima.upm.es/usv2019/experiencias-conferencias/">experiencias y conferencias</a>.</p>



<p>En la iniciativa participaron personas del mundo académico, la administración pública, el sector privado y las organizaciones sociales,  que expusieron sus enfoques y debatieron sobre distintas temáticas relacionadas con la ciudad. El público asistente, formado tanto por estudiantes universitarios y personas que desarrollan trabajos profesionales o sociales relacionados con el urbanismo, como por ciudadanos y ciudadanas sin formación previa en la materia, recibió de forma gratuita una formación  de primer nivel durante cuatro días, en los que el Campus Sur de la Universidad Politécnica de Madrid en Vallecas acogió una intensa actividad académica y social.</p>



<p>En los siguientes enlaces puedes ver algunas fotografías de las actividades desarrolladas durante la semana:</p>



<ul class="wp-block-list"><li><a href="https://vps181.cesvima.upm.es/usv2019/lunes-28-de-octubre/">Imágenes del lunes 28 de octubre</a></li><li><a href="https://vps181.cesvima.upm.es/usv2019/martes-29-de-octubre/">Imágenes del martes 29 de octubre </a></li><li><a href="https://vps181.cesvima.upm.es/usv2019/miercoles-30-de-octubre/">Imágenes del miércoles 30 de octubre </a></li><li><a href="https://vps181.cesvima.upm.es/usv2019/jueves-31-de-octubre/">Imágenes del jueves 31 de octubre </a></li></ul>

<p>La Universidad Social de Vallecas, celebrada entre el 28 y el 31 de octubre de 2019 gracias a la colaboración de la Junta Municipal de Distrito de Puente de Vallecas y la Universidad Politécnica de Madrid, congregó a cerca de 300 personas en sus cursos, experiencias y conferencias. En la iniciativa participaron personas del mundo [&hellip;]</p>
