{"id":988,"date":"2018-10-14T20:52:07","date_gmt":"2018-10-14T20:52:07","guid":{"rendered":"http:\/\/www.aq.upm.es\/giaus\/usvk2\/?page_id=988"},"modified":"2019-09-17T18:07:58","modified_gmt":"2019-09-17T16:07:58","slug":"portada-2","status":"publish","type":"page","link":"https:\/\/vps181.cesvima.upm.es\/usv2019\/","title":{"rendered":""},"content":{"rendered":"<p style=\"text-align: justify\">La Universidad Social de Vallecas (USV) es una iniciativa fruto de un convenio de colaboraci\u00f3n entre la Junta Municipal de Puente de Vallecas con la Universidad Polit\u00e9cnica de Madrid que celebrar\u00e1 su tercera edici\u00f3n del 28 al 31 de octubre de 2019 en la Escuela T\u00e9cnica Superior de Ingenier\u00eda y Sistemas de Telecomunicaci\u00f3n de la Universidad Polit\u00e9cnica de Madrid. La USV ofrece un programa educativo y cultural a trav\u00e9s de la realizaci\u00f3n de actividades y cursos formativos. Su objetivo es crear un espacio de conocimiento e intercambio de ideas sobre los retos a los que se enfrentan nuestras ciudades, buscando soluciones para las desigualdades y desequilibrios sociales y ambientales, con especial \u00e9nfasis en el reequilibrio de los distritos del sur de Madrid.<\/p>\n<p><img data-recalc-dims=\"1\" loading=\"lazy\" decoding=\"async\" class=\"wp-image-1616 aligncenter\" src=\"https:\/\/i0.wp.com\/vps181.cesvima.upm.es\/usv2019\/wp-content\/uploads\/sites\/4\/2019\/09\/Imagen-portada-web-300x244.jpg?resize=440%2C358&#038;ssl=1\" alt=\"\" width=\"440\" height=\"358\" srcset=\"https:\/\/i0.wp.com\/vps181.cesvima.upm.es\/usv2019\/wp-content\/uploads\/sites\/4\/2019\/09\/Imagen-portada-web.jpg?resize=300%2C244&amp;ssl=1 300w, https:\/\/i0.wp.com\/vps181.cesvima.upm.es\/usv2019\/wp-content\/uploads\/sites\/4\/2019\/09\/Imagen-portada-web.jpg?w=702&amp;ssl=1 702w\" sizes=\"auto, (max-width: 440px) 100vw, 440px\" \/><\/p>\n","protected":false},"excerpt":{"rendered":"<p>La Universidad Social de Vallecas (USV) es una iniciativa fruto de un convenio de colaboraci\u00f3n entre la Junta Municipal de Puente de Vallecas con la Universidad Polit\u00e9cnica de Madrid que celebrar\u00e1 su tercera edici\u00f3n del 28 al 31 de octubre de 2019 en la Escuela T\u00e9cnica Superior de Ingenier\u00eda y Sistemas de Telecomunicaci\u00f3n de la [&hellip;]<\/p>\n","protected":false},"author":1,"featured_media":0,"parent":0,"menu_order":0,"comment_status":"closed","ping_status":"closed","template":"","meta":{"_genesis_hide_title":false,"_genesis_hide_breadcrumbs":false,"_genesis_hide_singular_image":false,"_genesis_hide_footer_widgets":false,"_genesis_custom_body_class":"","_genesis_custom_post_class":"","_genesis_layout":"","footnotes":""},"coauthors":[],"class_list":{"0":"post-988","1":"page","2":"type-page","3":"status-publish","5":"entry"},"aioseo_notices":[],"featured_image_src":null,"featured_image_src_square":null,"jetpack_sharing_enabled":true,"jetpack_likes_enabled":true,"jetpack_shortlink":"https:\/\/wp.me\/Pbh5zy-fW","_links":{"self":[{"href":"https:\/\/vps181.cesvima.upm.es\/usv2019\/wp-json\/wp\/v2\/pages\/988","targetHints":{"allow":["GET"]}}],"collection":[{"href":"https:\/\/vps181.cesvima.upm.es\/usv2019\/wp-json\/wp\/v2\/pages"}],"about":[{"href":"https:\/\/vps181.cesvima.upm.es\/usv2019\/wp-json\/wp\/v2\/types\/page"}],"author":[{"embeddable":true,"href":"https:\/\/vps181.cesvima.upm.es\/usv2019\/wp-json\/wp\/v2\/users\/1"}],"replies":[{"embeddable":true,"href":"https:\/\/vps181.cesvima.upm.es\/usv2019\/wp-json\/wp\/v2\/comments?post=988"}],"version-history":[{"count":5,"href":"https:\/\/vps181.cesvima.upm.es\/usv2019\/wp-json\/wp\/v2\/pages\/988\/revisions"}],"predecessor-version":[{"id":1641,"href":"https:\/\/vps181.cesvima.upm.es\/usv2019\/wp-json\/wp\/v2\/pages\/988\/revisions\/1641"}],"wp:attachment":[{"href":"https:\/\/vps181.cesvima.upm.es\/usv2019\/wp-json\/wp\/v2\/media?parent=988"}],"wp:term":[{"taxonomy":"author","embeddable":true,"href":"https:\/\/vps181.cesvima.upm.es\/usv2019\/wp-json\/wp\/v2\/coauthors?post=988"}],"curies":[{"name":"wp","href":"https:\/\/api.w.org\/{rel}","templated":true}]}}

<p style="text-align: justify">La Universidad Social de Vallecas (USV) es una iniciativa fruto de un convenio de colaboración entre la Junta Municipal de Puente de Vallecas con la Universidad Politécnica de Madrid que celebrará su tercera edición del 28 al 31 de octubre de 2019 en la Escuela Técnica Superior de Ingeniería y Sistemas de Telecomunicación de la Universidad Politécnica de Madrid. La USV ofrece un programa educativo y cultural a través de la realización de actividades y cursos formativos. Su objetivo es crear un espacio de conocimiento e intercambio de ideas sobre los retos a los que se enfrentan nuestras ciudades, buscando soluciones para las desigualdades y desequilibrios sociales y ambientales, con especial énfasis en el reequilibrio de los distritos del sur de Madrid.</p>
<p><img data-recalc-dims="1" loading="lazy" decoding="async" class="wp-image-1616 aligncenter" src="https://i0.wp.com/vps181.cesvima.upm.es/usv2019/wp-content/uploads/sites/4/2019/09/Imagen-portada-web-300x244.jpg?resize=440%2C358&#038;ssl=1" alt="" width="440" height="358" srcset="https://i0.wp.com/vps181.cesvima.upm.es/usv2019/wp-content/uploads/sites/4/2019/09/Imagen-portada-web.jpg?resize=300%2C244&amp;ssl=1 300w, https://i0.wp.com/vps181.cesvima.upm.es/usv2019/wp-content/uploads/sites/4/2019/09/Imagen-portada-web.jpg?w=702&amp;ssl=1 702w" sizes="auto, (max-width: 440px) 100vw, 440px" /></p>

<p>La Universidad Social de Vallecas (USV) es una iniciativa fruto de un convenio de colaboración entre la Junta Municipal de Puente de Vallecas con la Universidad Politécnica de Madrid que celebrará su tercera edición del 28 al 31 de octubre de 2019 en la Escuela Técnica Superior de Ingeniería y Sistemas de Telecomunicación de la [&hellip;]</p>
