{"id":49,"date":"2017-09-18T06:16:57","date_gmt":"2017-09-18T06:16:57","guid":{"rendered":"http:\/\/www2.aq.upm.es\/Departamentos\/Urbanismo\/blogs\/vallecas-upm\/?page_id=49"},"modified":"2017-09-18T06:16:57","modified_gmt":"2017-09-18T06:16:57","slug":"cursos-usvk","status":"publish","type":"page","link":"https:\/\/vps181.cesvima.upm.es\/usvk-ebvk-2017\/cursos-usvk\/","title":{"rendered":"Cursos USVK"},"content":{"rendered":"<p style=\"text-align: right\"><span style=\"font-size: 10pt\"><span style=\"color: #6ccc4a\">\u2502<a href=\"http:\/\/www2.aq.upm.es\/Departamentos\/Urbanismo\/blogs\/vallecas-upm\/usvk\/\"><span style=\"color: #6ccc4a\">US<\/span><span style=\"color: #000000\">VK<\/span><\/a>\u2502<\/span><a href=\"http:\/\/www2.aq.upm.es\/Departamentos\/Urbanismo\/blogs\/vallecas-upm\/conferencias-usvk\/\" target=\"_blank\" rel=\"noopener noreferrer\">CONFERENCIAS<\/a><span style=\"color: #6ccc4a\"> \u2502<strong>CURSOS<\/strong>\u2502<\/span><a href=\"http:\/\/www2.aq.upm.es\/Departamentos\/Urbanismo\/blogs\/vallecas-upm\/files\/2017\/09\/dossierUSVK.pdf\" target=\"_blank\" rel=\"noopener noreferrer\">DOSSIER-USVK<\/a><span style=\"color: #6ccc4a\">\u2502<\/span><\/span><\/p>\n<p align=\"justify\">La<strong> Universidad Social de Vallecas (<span style=\"color: #6ccc4a\">US<\/span>VK)<\/strong> se compone de cinco cursos que se dividen en un total de 20 m\u00f3dulos.<\/p>\n<p align=\"justify\">Cada uno de los cursos se organiza en cuatro m\u00f3dulos que se impartir\u00e1n uno por d\u00eda. Todos los m\u00f3dulos son presenciales y combinan conocimiento te\u00f3rico con experiencias pr\u00e1cticas y debates sobre temas de actualidad. Se organizan en sesiones de ma\u00f1ana y tarde con una pausa de almuerzo (incluido en el evento). Cada d\u00eda de Universidad se cierra con una conferencia a modo de reflexi\u00f3n y debate entre los participantes.<\/p>\n<p align=\"justify\">Los participantes pueden elegir libremente si realizar un curso completo o asistir a m\u00f3dulos sueltos de diferentes tem\u00e1ticas.<\/p>\n<p align=\"justify\">En el caso de realizar un curso completo se entregar\u00e1 un certificado de aprovechamiento de la UPM.<br \/>\nEn el caso de asistir a uno a m\u00e1s m\u00f3dulos sueltos se entregar\u00e1 un certificado de asistencia de la UPM.<\/p>\n<p>&nbsp;<\/p>\n<p><span style=\"color: #6ccc4a\"><strong>MOVILIDA<\/strong><\/span><span style=\"color: #6ccc4a\"><strong>D SOSTENIBL<\/strong><\/span><span style=\"color: #6ccc4a\"><strong>E<\/strong><\/span><br \/>\nDir.Patxi Lam\u00edquiz y Jos\u00e9 Carpio<br \/>\n<span style=\"font-size: 10pt;color: #6ccc4a\"><a href=\"http:\/\/www2.aq.upm.es\/Departamentos\/Urbanismo\/blogs\/vallecas-upm\/files\/2017\/09\/movilidad_sostenible.pdf\"><span style=\"color: #6ccc4a\">Dossier curso completo<\/span><\/a><\/span><\/p>\n<table style=\"width: 576px\">\n<tbody>\n<tr>\n<td style=\"width: 148px\"><img loading=\"lazy\" decoding=\"async\" class=\"wp-image-125 size-thumbnail aligncenter\" style=\"font-size: 1rem\" src=\"https:\/\/vps181.cesvima.upm.es\/usvk-ebvk-2017\/wp-content\/uploads\/sites\/7\/2017\/09\/movilidad-sostenible-1-150x150.jpg\" alt=\"\" width=\"150\" height=\"150\" \/><\/td>\n<td style=\"width: 28.2px\"><\/td>\n<td style=\"width: 371.8px\">\n<ul style=\"list-style-type: square\">\n<li>\n<p align=\"justify\"><span style=\"font-size: 12pt\"><strong>M\u00f3dulo I:<\/strong> La movilidad en los retos urbanos y el contexto nuevo pol\u00edtico: las implicaciones del cambio clim\u00e1tico y la inclusi\u00f3n social en los distritos.<\/span><\/p>\n<\/li>\n<li>\n<p align=\"justify\"><span style=\"font-size: 12pt\"><strong>M\u00f3dulo II:<\/strong>\u00a0Revisi\u00f3n cr\u00edtica y aportaciones de la aplicaci\u00f3n de las TIC en la movilidad local.<\/span><\/p>\n<\/li>\n<li>\n<p align=\"justify\"><span style=\"font-size: 12pt\"><strong>M\u00f3dulo III:<\/strong>\u00a0Proximidad como base para el cambio modal.<\/span><\/p>\n<\/li>\n<li>\n<p align=\"justify\"><span style=\"font-size: 12pt\"><strong>M\u00f3dulo IV:<\/strong>\u00a0Demandas sociales, oportunidades y nuevas f\u00f3rmulas para el <span style=\"color: #000000\">cambio<\/span> de modelo.<\/span><\/p>\n<\/li>\n<\/ul>\n<\/td>\n<\/tr>\n<\/tbody>\n<\/table>\n<p><span style=\"color: #6ccc4a\"><strong>VIVIENDA Y ESPACIO URBANO<\/strong><\/span><br \/>\nRaquel Rodr\u00edguez y Rafael C\u00f3rdoba<br \/>\n<span style=\"font-size: 10pt;color: #6ccc4a\"><a href=\"http:\/\/www2.aq.upm.es\/Departamentos\/Urbanismo\/blogs\/vallecas-upm\/files\/2017\/09\/vivienda_y_espacio_urbano.pdf\"><span style=\"color: #6ccc4a\">Dossier curso completo<\/span><\/a><\/span><\/p>\n<table style=\"width: 576px\">\n<tbody>\n<tr style=\"height: 226.2px\">\n<td style=\"width: 151px;height: 226.2px\"><img loading=\"lazy\" decoding=\"async\" class=\"wp-image-126 aligncenter\" src=\"https:\/\/vps181.cesvima.upm.es\/usvk-ebvk-2017\/wp-content\/uploads\/sites\/7\/2017\/09\/vivienda-y-espacio-urbano-300x220.jpg\" alt=\"\" width=\"150\" height=\"110\" srcset=\"https:\/\/vps181.cesvima.upm.es\/usvk-ebvk-2017\/wp-content\/uploads\/sites\/7\/2017\/09\/vivienda-y-espacio-urbano-300x220.jpg 300w, https:\/\/vps181.cesvima.upm.es\/usvk-ebvk-2017\/wp-content\/uploads\/sites\/7\/2017\/09\/vivienda-y-espacio-urbano.jpg 746w\" sizes=\"auto, (max-width: 150px) 100vw, 150px\" \/><\/td>\n<td style=\"width: 28.6px;height: 226.2px\"><\/td>\n<td style=\"width: 368.4px;height: 226.2px\">\n<ul style=\"list-style-type: square\">\n<li>\n<p align=\"justify\"><span style=\"font-size: 12pt\"><strong>M\u00f3dulo I:<\/strong> Diagn\u00f3stico y retos a abordar.<\/span><\/p>\n<\/li>\n<li>\n<p align=\"justify\"><span style=\"font-size: 12pt\"><strong>M\u00f3dulo II:<\/strong> La dimensi\u00f3n social de la vivienda.<\/span><\/p>\n<\/li>\n<li>\n<p align=\"justify\"><span style=\"font-size: 12pt\"><strong>M\u00f3dulo III:<\/strong> La vivienda y los procesos urbanos en marcha.<\/span><\/p>\n<\/li>\n<li>\n<p align=\"justify\"><span style=\"font-size: 12pt\"><strong>M\u00f3dulo IV:<\/strong> Pol\u00edticas, necesidades y retos en la ciudad de Madrid.<\/span><\/p>\n<\/li>\n<\/ul>\n<\/td>\n<\/tr>\n<\/tbody>\n<\/table>\n<p><span style=\"color: #6ccc4a\"><strong>CIUDADES VERDES<\/strong><\/span><br \/>\nEmilia Rom\u00e1n y Marian Sim\u00f3n<br \/>\n<span style=\"font-size: 10pt;color: #6ccc4a\"><a href=\"http:\/\/www2.aq.upm.es\/Departamentos\/Urbanismo\/blogs\/vallecas-upm\/files\/2017\/09\/ciudad_verde.pdf\"><span style=\"color: #6ccc4a\">Dossier curso completo<\/span><\/a><\/span><\/p>\n<table style=\"width: 576px\">\n<tbody>\n<tr>\n<td style=\"width: 153px\"><img loading=\"lazy\" decoding=\"async\" class=\"wp-image-127 aligncenter\" src=\"https:\/\/vps181.cesvima.upm.es\/usvk-ebvk-2017\/wp-content\/uploads\/sites\/7\/2017\/09\/ciudad-verde-150x150.jpg\" alt=\"\" width=\"143\" height=\"143\" srcset=\"https:\/\/vps181.cesvima.upm.es\/usvk-ebvk-2017\/wp-content\/uploads\/sites\/7\/2017\/09\/ciudad-verde-150x150.jpg 150w, https:\/\/vps181.cesvima.upm.es\/usvk-ebvk-2017\/wp-content\/uploads\/sites\/7\/2017\/09\/ciudad-verde-100x100.jpg 100w\" sizes=\"auto, (max-width: 143px) 100vw, 143px\" \/><\/td>\n<td style=\"width: 30px\"><\/td>\n<td style=\"width: 366px\">\n<ul style=\"list-style-type: square\">\n<li>\n<p align=\"justify\"><span style=\"font-size: 12pt\"><strong>M\u00f3dulo I:<\/strong> Econom\u00eda circular.<\/span><\/p>\n<\/li>\n<li>\n<p align=\"justify\"><span style=\"font-size: 12pt\"><strong>M\u00f3dulo II:<\/strong> Agroecolog\u00eda.<\/span><\/p>\n<\/li>\n<li>\n<p align=\"justify\"><span style=\"font-size: 12pt\"><strong>M\u00f3dulo III:<\/strong> Ecofeminismo.<\/span><\/p>\n<\/li>\n<li>\n<p align=\"justify\"><span style=\"font-size: 12pt\"><strong>M\u00f3dulo IV:<\/strong> Ciudad, Energ\u00eda y Cambio clim\u00e1tico.<\/span><\/p>\n<\/li>\n<\/ul>\n<\/td>\n<\/tr>\n<\/tbody>\n<\/table>\n<p><span style=\"color: #6ccc4a\"><strong>ECONOM\u00cdA SOCIAL Y CIUDADANA<\/strong><\/span><br \/>\nJose Luis Casadevante y Agust\u00edn Hern\u00e1ndez Aja<br \/>\n<span style=\"font-size: 10pt;color: #6ccc4a\"><a href=\"http:\/\/www2.aq.upm.es\/Departamentos\/Urbanismo\/blogs\/vallecas-upm\/files\/2017\/09\/economia_social_y_ciudadana.pdf\"><span style=\"color: #6ccc4a\">Dossier curso completo<\/span><\/a><\/span><\/p>\n<table style=\"width: 577px\">\n<tbody>\n<tr>\n<td style=\"width: 165.2px\"><img loading=\"lazy\" decoding=\"async\" class=\"size-medium wp-image-128 aligncenter\" src=\"https:\/\/vps181.cesvima.upm.es\/usvk-ebvk-2017\/wp-content\/uploads\/sites\/7\/2017\/09\/econom\u00eda-social-y-ciudadana-300x280.jpg\" alt=\"\" width=\"300\" height=\"280\" srcset=\"https:\/\/vps181.cesvima.upm.es\/usvk-ebvk-2017\/wp-content\/uploads\/sites\/7\/2017\/09\/econom\u00eda-social-y-ciudadana-300x280.jpg 300w, https:\/\/vps181.cesvima.upm.es\/usvk-ebvk-2017\/wp-content\/uploads\/sites\/7\/2017\/09\/econom\u00eda-social-y-ciudadana.jpg 732w\" sizes=\"auto, (max-width: 300px) 100vw, 300px\" \/><\/td>\n<td style=\"width: 16.8px\"><\/td>\n<td style=\"width: 374px\">\n<ul style=\"list-style-type: square\">\n<li>\n<p align=\"justify\"><span style=\"font-size: 12pt\"><strong>M\u00f3dulo I:<\/strong> Econom\u00eda social y solidaria: \u00bfLos cimientos de una nueva econom\u00eda urbana?<\/span><\/p>\n<\/li>\n<li>\n<p align=\"justify\"><span style=\"font-size: 12pt\"><strong>M\u00f3dulo II:<\/strong> Barrios cooperativos: territorializar la econom\u00eda solidaria.<\/span><\/p>\n<\/li>\n<li>\n<p align=\"justify\"><span style=\"font-size: 12pt\"><strong>M\u00f3dulo III:<\/strong> Una econom\u00eda de cuidado para los barrios: Feminismo, cuidados y reproducci\u00f3n social de la vida.<\/span><\/p>\n<\/li>\n<li>\n<p align=\"justify\"><span style=\"font-size: 12pt\"><strong>M\u00f3dulo IV:<\/strong> Innovaci\u00f3n social, saltos de escala, pol\u00edticas p\u00fablicas: \u00bfC\u00f3mo desplegamos la econom\u00eda solidaria?<\/span><\/p>\n<\/li>\n<\/ul>\n<\/td>\n<\/tr>\n<\/tbody>\n<\/table>\n<p><span style=\"color: #6ccc4a\"><strong>CIUDAD INCLUSIVA<\/strong><\/span><br \/>\nIsabel Gonz\u00e1lez y Cristina Fern\u00e1ndez<br \/>\n<span style=\"font-size: 10pt;color: #6ccc4a\"><a href=\"http:\/\/www2.aq.upm.es\/Departamentos\/Urbanismo\/blogs\/vallecas-upm\/files\/2017\/09\/ciudad_inclusiva.pdf\"><span style=\"color: #6ccc4a\">Dossier curso completo<\/span><\/a><\/span><\/p>\n<table style=\"width: 588px\">\n<tbody>\n<tr style=\"height: 226.2px\">\n<td style=\"width: 177.4px;height: 226.2px\">\u00a0<img loading=\"lazy\" decoding=\"async\" class=\"size-medium wp-image-129 aligncenter\" src=\"https:\/\/vps181.cesvima.upm.es\/usvk-ebvk-2017\/wp-content\/uploads\/sites\/7\/2017\/09\/ciudad-participada-300x250.jpg\" alt=\"\" width=\"300\" height=\"250\" srcset=\"https:\/\/vps181.cesvima.upm.es\/usvk-ebvk-2017\/wp-content\/uploads\/sites\/7\/2017\/09\/ciudad-participada-300x250.jpg 300w, https:\/\/vps181.cesvima.upm.es\/usvk-ebvk-2017\/wp-content\/uploads\/sites\/7\/2017\/09\/ciudad-participada-768x641.jpg 768w, https:\/\/vps181.cesvima.upm.es\/usvk-ebvk-2017\/wp-content\/uploads\/sites\/7\/2017\/09\/ciudad-participada.jpg 820w\" sizes=\"auto, (max-width: 300px) 100vw, 300px\" \/><\/td>\n<td style=\"width: 19.6px;height: 226.2px\"><\/td>\n<td style=\"width: 395px;height: 226.2px\">\n<ul style=\"list-style-type: square\">\n<li>\n<p style=\"text-align: left\" align=\"justify\"><span style=\"font-size: 12pt\"><strong>M\u00f3dulo I:<\/strong> Retos sociales: diagn\u00f3stico y prospectiva.<\/span><\/p>\n<\/li>\n<li>\n<p align=\"justify\"><span style=\"font-size: 12pt\"><strong>M\u00f3dulo II:<\/strong> Medios y Redes Sociales.<\/span><\/p>\n<\/li>\n<li>\n<p align=\"justify\"><span style=\"font-size: 12pt\"><strong>M\u00f3dulo III:<\/strong> Ciudad inclusiva.<\/span><\/p>\n<\/li>\n<li>\n<p style=\"text-align: left\" align=\"justify\"><span style=\"font-size: 12pt\"><strong>M\u00f3dulo IV:<\/strong> Movimientos Sociales y participaci\u00f3n: La lucha hist\u00f3rica vs. Nuevas formas de participaci\u00f3n.<\/span><\/p>\n<\/li>\n<\/ul>\n<\/td>\n<\/tr>\n<\/tbody>\n<\/table>\n<p><span style=\"color: #6ccc4a\"><strong><a href=\"http:\/\/www2.aq.upm.es\/Departamentos\/Urbanismo\/blogs\/vallecas-upm\/files\/2017\/09\/dossierUSVK.pdf\"><span style=\"color: #6ccc4a\">Dossier completo<\/span><\/a><\/strong><\/span><br \/>\n<a href=\"http:\/\/www2.aq.upm.es\/Departamentos\/Urbanismo\/blogs\/vallecas-upm\/files\/2017\/09\/programaUSVK.pdf\"><span style=\"color: #6ccc4a\"><strong>Programa completo<\/strong><\/span><\/a><br \/>\n<a href=\"http:\/\/www.upm.es\/unisocial\"><strong><span style=\"color: #6ccc4a\">Inscripci\u00f3n e informaci\u00f3n acad\u00e9mica:<\/span><\/strong> <\/a>http\/:www.upm.es\/unisocial<\/p>\n<p><span style=\"color: #6ccc4a\"><strong>FECHA DE IMPARTICI\u00d3N<\/strong><\/span><\/p>\n<p align=\"justify\">De lunes a jueves (23 al 26 de octubre 2017). Todos los cursos se imparten en paralelo y ofreciendo diariamente cada uno un m\u00f3dulo.<br \/>\nLos m\u00f3dulos I, II, III y IV se impartir\u00e1n los d\u00edas 23, 24, 25 y 26 de octubre, respectivamente.<br \/>\nCabe la posibilidad de extender la formaci\u00f3n dos d\u00edas adicionales en el <strong>Encuentro Internacional\u00a0 de Barrios de Vallecas <a href=\"http:\/\/www2.aq.upm.es\/Departamentos\/Urbanismo\/blogs\/vallecas-upm\/ebvk\/\" target=\"_blank\" rel=\"noopener noreferrer\">(<span style=\"color: #b2935e\">EB<\/span>VK)<\/a>.<\/strong><\/p>\n<p align=\"justify\"><span style=\"color: #6ccc4a\"><strong>LUGAR DE IMPARTICI\u00d3N<\/strong><\/span><\/p>\n<p align=\"justify\">E.T.S de Ingenier\u00eda y Sistemas de Telecomunicaci\u00f3n, Campus Sur, U.P.M.<br \/>\nc\/ Nikola Tesla s\/n<\/p>\n<table>\n<tbody>\n<tr>\n<td><a href=\"http:\/\/www2.aq.upm.es\/Departamentos\/Urbanismo\/blogs\/vallecas-upm\/usvk\/\"><img loading=\"lazy\" decoding=\"async\" class=\"alignright size-thumbnail wp-image-135\" src=\"https:\/\/vps181.cesvima.upm.es\/usvk-ebvk-2017\/wp-content\/uploads\/sites\/7\/2017\/09\/usvk-150x150.jpg\" alt=\"\" width=\"150\" height=\"150\" srcset=\"https:\/\/vps181.cesvima.upm.es\/usvk-ebvk-2017\/wp-content\/uploads\/sites\/7\/2017\/09\/usvk-150x150.jpg 150w, https:\/\/vps181.cesvima.upm.es\/usvk-ebvk-2017\/wp-content\/uploads\/sites\/7\/2017\/09\/usvk-100x100.jpg 100w\" sizes=\"auto, (max-width: 150px) 100vw, 150px\" \/><\/a><\/td>\n<td><a href=\"http:\/\/www2.aq.upm.es\/Departamentos\/Urbanismo\/blogs\/vallecas-upm\/ebvk\/\"><img loading=\"lazy\" decoding=\"async\" class=\"alignright size-thumbnail wp-image-206\" src=\"https:\/\/vps181.cesvima.upm.es\/usvk-ebvk-2017\/wp-content\/uploads\/sites\/7\/2017\/09\/EBVK-ESC-150x150.jpg\" alt=\"\" width=\"150\" height=\"150\" srcset=\"https:\/\/vps181.cesvima.upm.es\/usvk-ebvk-2017\/wp-content\/uploads\/sites\/7\/2017\/09\/EBVK-ESC-150x150.jpg 150w, https:\/\/vps181.cesvima.upm.es\/usvk-ebvk-2017\/wp-content\/uploads\/sites\/7\/2017\/09\/EBVK-ESC-300x300.jpg 300w, https:\/\/vps181.cesvima.upm.es\/usvk-ebvk-2017\/wp-content\/uploads\/sites\/7\/2017\/09\/EBVK-ESC-768x769.jpg 768w, https:\/\/vps181.cesvima.upm.es\/usvk-ebvk-2017\/wp-content\/uploads\/sites\/7\/2017\/09\/EBVK-ESC-1024x1024.jpg 1024w, https:\/\/vps181.cesvima.upm.es\/usvk-ebvk-2017\/wp-content\/uploads\/sites\/7\/2017\/09\/EBVK-ESC-100x100.jpg 100w\" sizes=\"auto, (max-width: 150px) 100vw, 150px\" \/><\/a><\/td>\n<\/tr>\n<\/tbody>\n<\/table>\n","protected":false},"excerpt":{"rendered":"<p>\u2502USVK\u2502CONFERENCIAS \u2502CURSOS\u2502DOSSIER-USVK\u2502 La Universidad Social de Vallecas (USVK) se compone de cinco cursos que se dividen en un total de 20 m\u00f3dulos. Cada uno de los cursos se organiza en cuatro m\u00f3dulos que se impartir\u00e1n uno por d\u00eda. Todos los m\u00f3dulos son presenciales y combinan conocimiento te\u00f3rico con experiencias pr\u00e1cticas y debates sobre temas de &hellip; <\/p>\n<p class=\"link-more\"><a href=\"https:\/\/vps181.cesvima.upm.es\/usvk-ebvk-2017\/cursos-usvk\/\" class=\"more-link\">Continuar leyendo<span class=\"screen-reader-text\"> \u00abCursos USVK\u00bb<\/span><\/a><\/p>\n","protected":false},"author":1,"featured_media":0,"parent":0,"menu_order":0,"comment_status":"closed","ping_status":"closed","template":"","meta":{"footnotes":""},"coauthors":[],"class_list":["post-49","page","type-page","status-publish","hentry"],"aioseo_notices":[],"jetpack_sharing_enabled":true,"_links":{"self":[{"href":"https:\/\/vps181.cesvima.upm.es\/usvk-ebvk-2017\/wp-json\/wp\/v2\/pages\/49","targetHints":{"allow":["GET"]}}],"collection":[{"href":"https:\/\/vps181.cesvima.upm.es\/usvk-ebvk-2017\/wp-json\/wp\/v2\/pages"}],"about":[{"href":"https:\/\/vps181.cesvima.upm.es\/usvk-ebvk-2017\/wp-json\/wp\/v2\/types\/page"}],"author":[{"embeddable":true,"href":"https:\/\/vps181.cesvima.upm.es\/usvk-ebvk-2017\/wp-json\/wp\/v2\/users\/1"}],"replies":[{"embeddable":true,"href":"https:\/\/vps181.cesvima.upm.es\/usvk-ebvk-2017\/wp-json\/wp\/v2\/comments?post=49"}],"version-history":[{"count":0,"href":"https:\/\/vps181.cesvima.upm.es\/usvk-ebvk-2017\/wp-json\/wp\/v2\/pages\/49\/revisions"}],"wp:attachment":[{"href":"https:\/\/vps181.cesvima.upm.es\/usvk-ebvk-2017\/wp-json\/wp\/v2\/media?parent=49"}],"wp:term":[{"taxonomy":"author","embeddable":true,"href":"https:\/\/vps181.cesvima.upm.es\/usvk-ebvk-2017\/wp-json\/wp\/v2\/coauthors?post=49"}],"curies":[{"name":"wp","href":"https:\/\/api.w.org\/{rel}","templated":true}]}}