{"id":1477,"date":"2018-11-22T08:16:32","date_gmt":"2018-11-22T08:16:32","guid":{"rendered":"http:\/\/www.aq.upm.es\/giaus\/usvk2\/?page_id=1477"},"modified":"2018-11-22T08:16:32","modified_gmt":"2018-11-22T08:16:32","slug":"resumen-de-los-cursos-usvk","status":"publish","type":"page","link":"https:\/\/vps181.cesvima.upm.es\/usvk2018\/cronica-de-la-usvk\/resumen-de-los-cursos-usvk\/","title":{"rendered":"Resumen de los Cursos USVK"},"content":{"rendered":"<p>En esta secci\u00f3n pod\u00e9is encontrar\u00a0una cr\u00f3nica de cada uno de los cursos de la USVK.<\/p>\n<p>Del derecho a la vivienda al derecho a la ciudad<\/p>\n<p><a href=\"http:\/\/www.aq.upm.es\/giaus\/usvk2\/cronica-de-la-usvk\/resumen-de-los-cursos-usvk\/resumen-del-curso-del-derecho-a-la-vivienda-al-derecho-a-la-ciudad\/\"><img loading=\"lazy\" decoding=\"async\" class=\"alignnone wp-image-940 size-thumbnail\" title=\"Del derecho a la vivienda al derecho a la ciudad\" src=\"https:\/\/vps181.cesvima.upm.es\/usvk2018\/wp-content\/uploads\/sites\/5\/2018\/10\/Vivienda3-150x150.jpg\" alt=\"\" width=\"150\" height=\"150\" srcset=\"https:\/\/vps181.cesvima.upm.es\/usvk2018\/wp-content\/uploads\/sites\/5\/2018\/10\/Vivienda3-150x150.jpg 150w, https:\/\/vps181.cesvima.upm.es\/usvk2018\/wp-content\/uploads\/sites\/5\/2018\/10\/Vivienda3-300x300.jpg 300w, https:\/\/vps181.cesvima.upm.es\/usvk2018\/wp-content\/uploads\/sites\/5\/2018\/10\/Vivienda3.jpg 591w\" sizes=\"auto, (max-width: 150px) 100vw, 150px\" \/><\/a><\/p>\n<p>Econom\u00edas comunitarias y cooperativismo<\/p>\n<p><a href=\"http:\/\/www.aq.upm.es\/giaus\/usvk2\/cronica-de-la-usvk\/resumen-de-los-cursos-usvk\/resumen-del-curso-economias-comunitarias-y-cooperativismo\/\"><img loading=\"lazy\" decoding=\"async\" class=\"alignnone wp-image-936 size-thumbnail\" title=\"Econom\u00edas comunitarias y cooperativismo\" src=\"https:\/\/vps181.cesvima.upm.es\/usvk2018\/wp-content\/uploads\/sites\/5\/2018\/10\/EconomiaSocial-150x150.jpg\" alt=\"\" width=\"150\" height=\"150\" srcset=\"https:\/\/vps181.cesvima.upm.es\/usvk2018\/wp-content\/uploads\/sites\/5\/2018\/10\/EconomiaSocial-150x150.jpg 150w, https:\/\/vps181.cesvima.upm.es\/usvk2018\/wp-content\/uploads\/sites\/5\/2018\/10\/EconomiaSocial-300x300.jpg 300w, https:\/\/vps181.cesvima.upm.es\/usvk2018\/wp-content\/uploads\/sites\/5\/2018\/10\/EconomiaSocial.jpg 591w\" sizes=\"auto, (max-width: 150px) 100vw, 150px\" \/><\/a><\/p>\n<p>Identidad colectiva e identidades compartidas<\/p>\n<p><a href=\"http:\/\/www.aq.upm.es\/giaus\/usvk2\/cronica-de-la-usvk\/resumen-de-los-cursos-usvk\/resumen-del-curso-identidad-colectiva-e-identidades-compartidas\/\"><img loading=\"lazy\" decoding=\"async\" class=\"alignnone wp-image-937 size-thumbnail\" title=\"Identidad colectiva e identidades compartidas\" src=\"https:\/\/vps181.cesvima.upm.es\/usvk2018\/wp-content\/uploads\/sites\/5\/2018\/10\/Identidades-150x150.jpg\" alt=\"\" width=\"150\" height=\"150\" srcset=\"https:\/\/vps181.cesvima.upm.es\/usvk2018\/wp-content\/uploads\/sites\/5\/2018\/10\/Identidades-150x150.jpg 150w, https:\/\/vps181.cesvima.upm.es\/usvk2018\/wp-content\/uploads\/sites\/5\/2018\/10\/Identidades-300x300.jpg 300w, https:\/\/vps181.cesvima.upm.es\/usvk2018\/wp-content\/uploads\/sites\/5\/2018\/10\/Identidades.jpg 591w\" sizes=\"auto, (max-width: 150px) 100vw, 150px\" \/><\/a><\/p>\n<p>Ciudades habitables<\/p>\n<p><a href=\"http:\/\/www.aq.upm.es\/giaus\/usvk2\/cronica-de-la-usvk\/resumen-de-los-cursos-usvk\/resumen-del-curso-ciudades-habitables\"><img loading=\"lazy\" decoding=\"async\" class=\"alignnone wp-image-935 size-thumbnail\" title=\"Ciudades habitables\" src=\"https:\/\/vps181.cesvima.upm.es\/usvk2018\/wp-content\/uploads\/sites\/5\/2018\/10\/CiudadesHabitables-150x150.jpg\" alt=\"\" width=\"150\" height=\"150\" srcset=\"https:\/\/vps181.cesvima.upm.es\/usvk2018\/wp-content\/uploads\/sites\/5\/2018\/10\/CiudadesHabitables-150x150.jpg 150w, https:\/\/vps181.cesvima.upm.es\/usvk2018\/wp-content\/uploads\/sites\/5\/2018\/10\/CiudadesHabitables-300x300.jpg 300w, https:\/\/vps181.cesvima.upm.es\/usvk2018\/wp-content\/uploads\/sites\/5\/2018\/10\/CiudadesHabitables.jpg 591w\" sizes=\"auto, (max-width: 150px) 100vw, 150px\" \/><\/a><\/p>\n<p>Ciudad, ciudadan\u00eda y tecnolog\u00eda<\/p>\n<p><a href=\"http:\/\/www.aq.upm.es\/giaus\/usvk2\/cronica-de-la-usvk\/resumen-de-los-cursos-usvk\/resumen-del-curso-ciudad-ciudadania-y-tecnologia\/\"><img loading=\"lazy\" decoding=\"async\" class=\"alignnone wp-image-938 size-thumbnail\" title=\"Ciudad, ciudadan\u00eda y tecnolog\u00eda\" src=\"https:\/\/vps181.cesvima.upm.es\/usvk2018\/wp-content\/uploads\/sites\/5\/2018\/10\/Tecnologia-150x150.jpg\" alt=\"\" width=\"150\" height=\"150\" srcset=\"https:\/\/vps181.cesvima.upm.es\/usvk2018\/wp-content\/uploads\/sites\/5\/2018\/10\/Tecnologia-150x150.jpg 150w, https:\/\/vps181.cesvima.upm.es\/usvk2018\/wp-content\/uploads\/sites\/5\/2018\/10\/Tecnologia-300x300.jpg 300w, https:\/\/vps181.cesvima.upm.es\/usvk2018\/wp-content\/uploads\/sites\/5\/2018\/10\/Tecnologia.jpg 591w\" sizes=\"auto, (max-width: 150px) 100vw, 150px\" \/><\/a><\/p>\n<p>&nbsp;<\/p>\n<p>&nbsp;<\/p>\n","protected":false},"excerpt":{"rendered":"<p>En esta secci\u00f3n pod\u00e9is encontrar\u00a0una cr\u00f3nica de cada uno de los cursos de la USVK. Del derecho a la vivienda al derecho a la ciudad Econom\u00edas comunitarias y cooperativismo Identidad colectiva e identidades compartidas Ciudades habitables Ciudad, ciudadan\u00eda y tecnolog\u00eda &nbsp; &nbsp;<\/p>\n","protected":false},"author":1,"featured_media":0,"parent":1250,"menu_order":0,"comment_status":"closed","ping_status":"closed","template":"","meta":{"_genesis_hide_title":false,"_genesis_hide_breadcrumbs":false,"_genesis_hide_singular_image":false,"_genesis_hide_footer_widgets":false,"_genesis_custom_body_class":"","_genesis_custom_post_class":"","_genesis_layout":"","footnotes":""},"coauthors":[],"class_list":{"0":"post-1477","1":"page","2":"type-page","3":"status-publish","5":"entry"},"aioseo_notices":[],"jetpack_sharing_enabled":true,"_links":{"self":[{"href":"https:\/\/vps181.cesvima.upm.es\/usvk2018\/wp-json\/wp\/v2\/pages\/1477","targetHints":{"allow":["GET"]}}],"collection":[{"href":"https:\/\/vps181.cesvima.upm.es\/usvk2018\/wp-json\/wp\/v2\/pages"}],"about":[{"href":"https:\/\/vps181.cesvima.upm.es\/usvk2018\/wp-json\/wp\/v2\/types\/page"}],"author":[{"embeddable":true,"href":"https:\/\/vps181.cesvima.upm.es\/usvk2018\/wp-json\/wp\/v2\/users\/1"}],"replies":[{"embeddable":true,"href":"https:\/\/vps181.cesvima.upm.es\/usvk2018\/wp-json\/wp\/v2\/comments?post=1477"}],"version-history":[{"count":0,"href":"https:\/\/vps181.cesvima.upm.es\/usvk2018\/wp-json\/wp\/v2\/pages\/1477\/revisions"}],"up":[{"embeddable":true,"href":"https:\/\/vps181.cesvima.upm.es\/usvk2018\/wp-json\/wp\/v2\/pages\/1250"}],"wp:attachment":[{"href":"https:\/\/vps181.cesvima.upm.es\/usvk2018\/wp-json\/wp\/v2\/media?parent=1477"}],"wp:term":[{"taxonomy":"author","embeddable":true,"href":"https:\/\/vps181.cesvima.upm.es\/usvk2018\/wp-json\/wp\/v2\/coauthors?post=1477"}],"curies":[{"name":"wp","href":"https:\/\/api.w.org\/{rel}","templated":true}]}}